at is the hundreds digit of b?
1
Suppose -39*t + 27096 = -35*t. Suppose 7*g - t - 2564 = 0. What is the hundreds digit of g?
3
Suppose 5 = 6*m - 25. Let z(j) = 6*j**3 - 6*j**2 - 3*j - 16. Let h be z(m). Suppose g - 5*g + 732 = -4*d, 3*g = -2*d + h. What is the tens digit of g?
8
Suppose -111*q = -53*q - 68*q + 65860. What is the hundreds digit of q?
5
Suppose -3*y + 6*y + l = 41, -l = -2*y + 19. What is the units digit of ((-1148)/y)/(5/(-15))?
7
Let n = 4477 - 1051. What is the thousands digit of n?
3
Suppose -2*s - 118 = -3*j, -j + 60 = 2*s - 3*s. Let o = 440 + s. What is the units digit of o?
8
Suppose 65 = 4*m - 0*t + t, 3*t = 15. What is the hundreds digit of ((-20)/m)/((-3)/(4239/2))?
9
Suppose 0 = -b + 3*x + 3343, -4*b + 2*x + 8086 = -5286. What is the hundreds digit of b?
3
Suppose 4*v + 5*q = 6382, -3*q - 3436 = -5*v + 4597. What is the tens digit of v?
0
Let x(v) = -44*v**3 + v**2 - 5*v - 14. Let h(i) = -2*i + 28. Let t be h(15). What is the hundreds digit of x(t)?
3
Let x(c) = 5*c + 23. Let i = -120 + 115. Let w be x(i). What is the hundreds digit of w - (-250 + 5 + -4)?
2
Suppose 39*q - 669 = -123. Let y be ((-6)/9)/((-4)/(-6)). What is the tens digit of (y/((-4)/(-16)))/((-4)/q)?
1
Suppose -5*h = 5*c - 3690, -2*c + 0*h = -2*h - 1488. Suppose p = 3*a - c + 173, 0 = -2*a - 2*p + 376. What is the hundreds digit of a?
1
Suppose 11*v - 69062 - 128986 = -13*v. What is the thousands digit of v?
8
Let a(x) = 906*x - 388. What is the tens digit of a(8)?
6
Suppose 0 = 7*o - 11*o - 2*w - 320, 0 = 2*o + 2*w + 160. What is the tens digit of (2214/205)/((-3)/o)?
8
Let t(b) = -5*b**2 - 31*b - 6. Let q be t(-6). Suppose -d - d + 138 = q. Let c = 145 + d. What is the hundreds digit of c?
2
Let o = -136 - -312. Suppose 0 = -4*l - o - 412. Let t = l + 250. What is the units digit of t?
3
Suppose -g + 425862 = 4*g + g. What is the hundreds digit of g?
9
Suppose 5*z - 13385 = -m, 3*m + 2*z = -1962 + 42052. What is the hundreds digit of m?
3
Let c be -2 - 69/(-9) - 12/18. Let t be 11 + (-18)/c + (-8)/20. What is the units digit of (-1)/t + (-4264)/(-56)?
6
Let u = -10017 - -17528. What is the thousands digit of u?
7
Let y = 1733 + -1205. Suppose 3*k - 12 = 0, 4*b = -b - 2*k + y. Suppose -160 = -8*m + b. What is the units digit of m?
3
Suppose 3*p + 4*w = 166, -7*p - 258 = -12*p - 2*w. Let o = -7 + 7. Suppose -25*l + 26*l - p = o. What is the tens digit of l?
5
Let k(q) = 63*q - 7. Suppose -3*r + 4*o - 8 = -5*r, 60 = 5*r + 2*o. What is the tens digit of k(r)?
7
Let v be (-27)/(-135) + (-59)/(-5). Suppose v*u - 783 = 357. What is the tens digit of u?
9
Let s = -30 - -36. Suppose s*y + 13 = 7*y + 5*q, -q = 1. Let b(l) = 2*l**2 - 31*l - 21. What is the tens digit of b(y)?
6
Let f = -36206 - -51376. What is the tens digit of f?
7
Let b be ((-160)/48)/(2/(-3)). Suppose -b*q + 1620 = 2*w, 136 + 181 = q - w. What is the hundreds digit of q?
3
Suppose 37*n - 42*n = -475. Suppose 0 = 5*o + 145 + n. What is the units digit of 6/o - (-322)/16?
0
Let a(f) = 24*f + 1. Let s be a(-4). Suppose -21*q = 4*q - 200. What is the units digit of 1*s/2*(-16)/q?
5
Let i(f) = -5*f**2 - 6*f + 7. Suppose l = 16*l + 120. Let j be i(l). What is the hundreds digit of -4 - -4 - j - 1/1?
2
Suppose 16*l = 13*l - 21. Let b be l/(-56)*382 - 1/(-4). Let o = -33 + b. What is the tens digit of o?
1
Suppose -624*m + 148752 = -576*m. What is the thousands digit of m?
3
Let f = -584 - 133. What is the units digit of (-15)/60 - f/4?
9
Let b(y) = -186*y**3 - 4*y**2 + 5*y + 1. Let s(p) = -p**3 + 2. Let j(k) = -b(k) + 5*s(k). What is the tens digit of j(2)?
6
Let b(n) = -n**2 - 39*n - 205. Let j be b(-33). What is the units digit of (-2)/j + (-6 - 15570/(-42))?
5
Suppose y = 134 - 131. Suppose -2*r = -4*s + 1458, -5*r + 1074 = y*s - 0*s. What is the hundreds digit of s?
3
Let p(h) = 29*h**2 - 12*h + 55. Let q(f) = -14*f + 46. Let t be q(3). What is the units digit of p(t)?
1
Let u be (67/3)/((-99)/(-54) - 2). Let s = u - -185. What is the tens digit of s?
5
Let a = 47 + -30. Let d = 6 - a. Let f = d - -43. What is the units digit of f?
2
Suppose -4*o - 40856 = -4*r, 36*r - 37*r + 4*o = -10205. What is the ten thousands digit of r?
1
Let w = 18312 + -2184. What is the thousands digit of w?
6
Let x = 185 - 271. Let j = x + 252. What is the units digit of j?
6
What is the hundreds digit of (160/6)/((986/(-118059))/(-17))?
2
Let l = 402 + -16. Suppose 5*s = -2*g + 499, -10*s - 5*g = -14*s + l. What is the units digit of s?
9
What is the units digit of 18/12*7/(63/(-6))*-5507?
7
Let r be (-2)/6 - (-9)/27. Let y(m) = -25*m + 79 + 7*m + 6*m + 14*m. What is the tens digit of y(r)?
7
Let o(d) = 5*d + 40. Let s be o(20). Suppose s = -5*h + 955. What is the hundreds digit of h?
1
Suppose -4*x + 137908 = -32*u + 34*u, -x = -u - 34468. What is the thousands digit of x?
4
Let t be -1 + 6 + (-3)/(-3). Let w be (-1120)/(-21) + 4/t. What is the units digit of w/(-144) + 3446/16?
5
Let i = 513 + -218. Let s = i + -100. What is the units digit of s?
5
Let i = 48 + -44. Suppose 3*a = -i*k + 112, -8*a + 3*a - 4*k = -176. What is the tens digit of a?
3
Let l(m) = -53 + 4*m - 16*m + 220 + 39*m. What is the tens digit of l(19)?
8
Suppose 4*y = 2*b + 2446, 4*y - 2437 = -11*b + 16*b. Suppose -12*v + y = -551. What is the tens digit of v?
9
Suppose 270 = -2*x - 38. Let f = 391 + x. What is the units digit of f?
7
Let u be 4*20 - 312/26. Let s = -1 - -10. Let p = u - s. What is the units digit of p?
9
Let b(c) = 88*c**2 + 27*c + 895. What is the tens digit of b(-13)?
1
Suppose 27*o = -5*h + 93, -4*o + 3*o + 10 = -2*h. Let s(x) = 2*x - 2*x + 16*x**2 - 6. What is the units digit of s(o)?
0
Let n(t) be the third derivative of -31*t**4/12 - 13*t**3 - 116*t**2 + t. What is the tens digit of n(-8)?
1
What is the units digit of (39/(-9))/13 - (-4834)/3?
1
Let a = 382 + -344. What is the tens digit of ((-774)/21)/(a/(-133))?
2
Suppose -19377 = -46*h + 9336 - 9531. What is the tens digit of h?
1
Let s(r) = 104*r - 279. Let g be s(-9). Let u = -129 - g. What is the thousands digit of u?
1
Suppose 0 = -16*s - 52064 + 145632. What is the tens digit of s?
4
Let x(c) = -8*c + 1. Let n be x(-1). Let y = n - 44. What is the tens digit of (-4 - -1) + (-7)/(y/480)?
9
Suppose 0 = 75*p + 24*p - 440649. What is the thousands digit of p?
4
Let t = 1429 + -3482. Let j = t + 3738. What is the thousands digit of j?
1
Suppose 862*i - 181968 = 856*i. What is the thousands digit of i?
0
Let t(c) = -c**3 - 33*c**2 + 2*c + 11349. What is the ten thousands digit of t(0)?
1
Let o = 3170 - 2263. What is the tens digit of o?
0
Let b(a) = 60*a**2 - 2*a + 31. What is the thousands digit of b(-14)?
1
Let r = -6471 + 3501. What is the hundreds digit of ((297/(-18))/11)/(3/r)?
4
Suppose 0 = -207*c + 213*c - 3684. Suppose 6*m - 664 - c = 0. What is the hundreds digit of m?
2
Let g(a) = -a**2 + 15*a - 16. Let d be g(13). Suppose -4*p - 10 - d = 0. Let j(z) = 9*z**2 + 7*z - 3. What is the units digit of j(p)?
7
What is the hundreds digit of 143/(-308)*-1004*7?
2
Let k(b) = 7*b + 151. Let s be k(-20). Suppose s*g - 1320 = g. What is the tens digit of g?
3
Suppose 3*w - 178007 = 4*t - 29946, -197406 = -4*w + t. What is the ten thousands digit of w?
4
Suppose 0 = 8*q - 129 + 73. Suppose -50 = -q*c + 1301. What is the hundreds digit of c?
1
What is the thousands digit of (-4)/((-5 - (-4056)/4064) + 4)?
2
Suppose -2*k - 3*b + 9 = -k, -12 = -5*k - 4*b. Suppose -f + 34 + 737 = k. What is the units digit of f?
1
What is the hundreds digit of (-432)/(-36) + 474/(-39) + 306674/26?
7
Suppose -37*c - 50015 = 13995. Let q = c + 3745. What is the thousands digit of q?
2
Let j(u) = -11*u + 4 - 4*u**3 - 3*u**3 + 3*u**2 + 8*u**3 - 11. Let t be j(-5). What is the tens digit of (-1)/t*-1*(-258)/3?
4
Let q be (21/12 - 31/4) + 2. Let i(s) be the third derivative of 3*s**5/20 + s**4/3 - s**2. What is the units digit of i(q)?
2
Let n(z) = -1177*z + 10. Let o be n(-1). Suppose 0 = -4*a + 3*h + o + 731, -2*h - 4 = 0. What is the units digit of a?
8
Let h = -23 + 29. Let t(a) = 16*a**2 - 2*a + 10*a**2 - 9*a + h - 22*a**2. What is the units digit of t(6)?
4
Let k be (-3 + (-260)/8)*-4. Let o = k - 120. What is the tens digit of o?
2
Suppose -72 = 25*c - 172. Suppose 14*g - 16*g - c*f = -